1/2)/3. Let r = 76 + n. Suppose -3*c + 38 = 2*g, 3*g = 2*c - g - 36. What is the greatest common factor of r and c?
2
Let t be (-10)/((-320)/(-24)) + 419/4. What is the highest common factor of t and 234?
26
Let w be 349 + (-5 + 11 - 11). Calculate the highest common divisor of 43 and w.
43
Let n(c) be the second derivative of c**3/6 - 3*c**2/2 - 12*c. Let p be n(4). Let f = 2 - 1. Calculate the highest common factor of p and f.
1
Let h(u) = 4*u**2 + 11*u + 4. Let g be h(-3). Calculate the highest common factor of 112 and g.
7
Let f be ((-8)/(-12))/(1/3). Suppose -6*m + 322 = -f*m + 2*q, 3*q + 77 = m. What is the greatest common divisor of 16 and m?
16
Let a = -1119 - -1323. What is the greatest common factor of a and 969?
51
Let w be 992/14 + (-168)/196. Calculate the greatest common divisor of 30 and w.
10
Let k = -514 + 520. Calculate the highest common divisor of k and 10.
2
Let i be (10/(-4))/(24/(-240)). What is the greatest common factor of i and 325?
25
Let h = -48 + 55. Suppose 3*p - 3*o = 234, 3*p - 108 = -4*o + 119. Calculate the highest common factor of p and h.
7
Let c = -3 + 9. What is the highest common divisor of 114 and c?
6
Let i(s) = -s**3 + 8*s**2 + 17*s - 109. Let q be i(6). What is the greatest common divisor of q and 13?
13
Let o(d) = -d**2 + 37*d - 165. Let x be o(27). Calculate the greatest common factor of x and 75.
15
Let x(t) = -t - 6. Let a be x(-11). Suppose -2*k + 3*k = 4*w - 386, -a*k - 490 = -5*w. Calculate the greatest common factor of 12 and w.
12
Suppose -3*g = -4*v - 28, 5*g = -4*v + 7*v + 43. Suppose -5*a = -199 - 161. Calculate the highest common factor of g and a.
8
Let a = 146 - 44. What is the highest common factor of a and 6?
6
Let k(b) = -5*b - 58. Let n be k(-14). Suppose 0 = -9*f + n*f - 42. Let y be -2*1/((-4)/14). What is the highest common divisor of f and y?
7
Let m(w) = -w + 18. Let h be (-32)/(-3) + 2/(-3). Let n be m(h). Let d be (2 + -4)/(1/(-2)). Calculate the highest common factor of d and n.
4
Let z be 1/3 + (-536)/(-12). Let f(k) = k**2 + 4*k - 311. Let d be f(-20). Calculate the highest common divisor of d and z.
9
Let k(v) = -v**3 + 23*v**2 + 28*v + 65. Let o be k(24). What is the highest common divisor of 230 and o?
23
Let r = 13 + -34. Let t = r - -22. Let a be (t - -125)/(-5 + 7). Calculate the highest common divisor of 7 and a.
7
Suppose -135 + 87 = -u. What is the highest common factor of 624 and u?
48
Let t be 1085/2 + 55/(-22). Let c be t/6 + 1 + 1 + -2. What is the greatest common divisor of c and 18?
18
Let h = 378 - 333. Calculate the highest common factor of h and 15.
15
Let t be 7/14*(0 + -26). Let x(i) = -i - 19. Let a be x(t). Let l = 20 + a. What is the highest common factor of l and 35?
7
Let c be -10*(10/4)/(-5). Suppose n + 2 = l - 3*n, -c*n = 5*l - 135. What is the highest common factor of l and 11?
11
Suppose 0 = 2*s + 3*d + d - 42, -s + 3*d + 36 = 0. Let w = -15 + s. Calculate the greatest common divisor of 24 and w.
12
Suppose -k - 4*o + 6 = 0, o + 7 = -0*k + 4*k. Suppose -k*f - 7 = -137. What is the greatest common divisor of f and 26?
13
Let u = -4 - -24. Let n(a) = a**3 - 5*a**2 + 6*a - 2. Let s be n(4). Let o(g) = 29*g + 6. Let i be o(s). What is the highest common divisor of u and i?
20
Let j = 474 + -435. Calculate the greatest common divisor of j and 221.
13
Let g be (3/(6/8))/1. Let n = g - 0. What is the highest common factor of n and 4?
4
Suppose 3*a - 444 = -84. Suppose a = 4*k - 2*k. What is the highest common factor of k and 12?
12
Let m be (-13)/(-3) + -4 - (-959)/3. Suppose -2*i - 2*u = -m, i + u + 335 = 3*i. Let h = -6 + 21. Calculate the highest common divisor of h and i.
15
Let u be (-13 + 3)*(-1)/2. Suppose -k = 2*a + k - 72, 2*k = u*a - 208. What is the greatest common factor of 5 and a?
5
Suppose -2*t = -0*t - 62. Let x = -8 + t. Suppose 0 = 4*l - 5*z - x, -z = 2*l + 3*z + 8. What is the greatest common divisor of 8 and l?
2
Let q(a) be the third derivative of -a**4/12 + 76*a**3/3 - 11*a**2. Let b be q(0). What is the greatest common factor of 19 and b?
19
Suppose 0 = -b - 126 + 16. Let d = 161 + b. What is the greatest common factor of 34 and d?
17
Suppose -3*g = -5*n + 128, 3*n + 2*g + 27 = 100. Suppose -2*l + 2*i - 34 = -5*l, 0 = -2*l - i + 22. Calculate the greatest common divisor of l and n.
5
Suppose 4*s = -0*f + 3*f - 62, -82 = -5*f - 4*s. Let h be -35*(6/(-63))/(2/f). Calculate the greatest common divisor of h and 6.
6
Let y be 14/(-4)*(-2 + -8). Let n(p) = p**2 - 3*p - 4. Let h(t) = -t. Let m(a) = -h(a) - n(a). Let q be m(3). What is the greatest common factor of y and q?
7
Let w be (-1 + 18/(-24))/((-2)/16). Suppose 5*x + 2*z = 197 + 127, -2*x - 3*z + 123 = 0. Suppose -102 - x = -4*k. What is the highest common factor of w and k?
14
Let x = 103 + -141. Let b be (-1820)/x - 10/(-95). Calculate the greatest common factor of b and 18.
6
Let r be 5 - (-34 - (-3 + 4)). Calculate the highest common factor of r and 60.
20
Suppose -4*v = 3*c - 122, 3*v + c - 62 = v. Suppose -4*n = -v - 36. Suppose -4*o + n - 5 = 0. Calculate the highest common divisor of 24 and o.
3
Let o be 0 - (5 - -129)*(-1)/(-2). Let t = o + 137. What is the highest common factor of t and 10?
10
Suppose -2*j - 6 = -2*d, j + 4 = -2*d + 1. Suppose 9*a - 13*a + 48 = d. Calculate the greatest common factor of 24 and a.
12
Let v(k) be the third derivative of -k**5/60 - k**4/8 - 11*k**3/3 + 3*k**2. Let m be v(15). Let l = m - -435. Calculate the greatest common divisor of 13 and l.
13
Let l be 2 - (2*-40)/(-4). Let c = 29 + l. What is the highest common factor of c and 22?
11
Let q = -21 - -25. Suppose -30 = -b - q*f, 33 = 2*b - f + 9. What is the greatest common factor of 42 and b?
14
Let w = 1884 + -1878. Suppose -3*x = -2*l, -2*l = -x + 2*x - 8. What is the highest common factor of w and x?
2
Suppose -183 = d - 468. Suppose -p - d = -6*p. Calculate the highest common divisor of p and 38.
19
Let v be (-6)/(-4) + 36/8. Suppose -5*p = 5*j - 100, 3*p + j - v*j = 60. Suppose 5*t - p - 85 = 0. Calculate the greatest common factor of t and 105.
21
Let q be ((-22)/(-33))/((-2)/(-54)). Suppose -19 = -5*n + y, 5*n = y + y + q. Calculate the highest common divisor of 1 and n.
1
Let w be (134 - 4) + -3 - 2. What is the greatest common factor of 100 and w?
25
Let y = 37 + -43. Let a be 2/6 - 22/y. What is the greatest common factor of 12 and a?
4
Let q be 53 + 3/6*2. Suppose -3*x = 4*w - 30, -4*x + 3*w + 25 - 10 = 0. What is the greatest common factor of q and x?
6
Let b be 20/(-35) - 52/7. Let f(r) = -4*r - 1. Let a be f(b). Suppose -65 = -4*n + a. What is the greatest common factor of 6 and n?
6
Suppose -61*y - 2833 = -7469. What is the greatest common factor of 152 and y?
76
Let q = 14570 + -10250. Suppose 2*o + q = 18*o. What is the highest common factor of o and 18?
18
Let x = -39 - -107. Let b be ((-4)/8)/(x/72 - 1). What is the highest common divisor of b and 27?
9
Let f(a) = a**3 - a**2 - 4*a + 1. Let k be f(3). Let m(q) = 1 - q - 3*q + k*q + 5*q. Let c be m(2). Calculate the greatest common factor of 119 and c.
17
Let b(g) = 24*g - 12. Let m be b(3). Let r(q) = q**2 + 6*q - 7. Let k be r(3). Calculate the greatest common factor of m and k.
20
Suppose -1585*j - 2220 = -1622*j. Suppose 2*p + 1 + 3 = 0. Let b be (-23)/(-2) + (-1)/p. Calculate the greatest common factor of j and b.
12
Let y = -15 + 41. Suppose -2*n + 6 = n. Suppose -r = -n*r, 3*b - 3*r = 117. Calculate the highest common divisor of b and y.
13
Suppose o + w + 2*w - 12 = 0, -2*o - 3*w + 9 = 0. Let j be 3 - (0 + o - -2). Let v = j + 6. Calculate the greatest common factor of v and 20.
10
Suppose 0*s - 4*s - 3*j = -411, 2 = 2*j. What is the highest common divisor of 18 and s?
6
Let k = -345 - -350. What is the greatest common factor of k and 160?
5
Let z be -54*(-3)/(6/(-8)). Let c = -147 - z. Suppose 4*y - 31 = c. What is the greatest common factor of y and 275?
25
Let c(f) = 96*f**2 - f + 19. Let t be c(3). Calculate the highest common divisor of 48 and t.
16
Let d(v) = -8*v - 11. Let y be d(-8). Suppose 2*x = -5*m + y + 17, -x - 28 = -2*m. Let a be 2028/16 - 3/4. Calculate the greatest common factor of m and a.
14
Let y(j) = 7*j**2 - 6*j - 4. Let h be y(7). Let k(d) = -13*d + d**2 + 7 + 4 + 0 + 8. Let r be k(